What is -10200 (base 3) in base 16?
-63
-6771 (base 8) to base 15
-10d7
What is 567a (base 14) in base 13?
6aa2
23b7 (base 15) to base 10
7597
What is ac2 (base 13) in base 3?
2112110
-544 (base 10) to base 9
-664
Convert -5174 (base 8) to base 10.
-2684
-1033143 (base 6) to base 11
-35566
What is 3558 (base 12) in base 11?
453a
What is -1396 (base 11) in base 7?
-5150
Convert -50015 (base 9) to base 4.
-20000303
What is -2440 (base 5) in base 8?
-562
What is 4176 (base 8) in base 4?
201332
What is 55084 (base 9) in base 4?
20322232
7306 (base 9) to base 5
132402
Convert 5631 (base 10) to base 13.
2742
Convert -11101330 (base 4) to base 16.
-547c
Convert 14303 (base 6) to base 10.
2271
What is 23d (base 15) in base 13?
301
333 (base 5) to base 2
1011101
35304 (base 8) to base 16
3ac4
221012 (base 3) to base 2
1010101000
Convert 134b3 (base 12) to base 16.
6807
What is 1000010111001 (base 2) in base 4?
1002321
What is 10425 (base 10) in base 13?
498c
255 (base 14) to base 16
1d3
Convert -e3 (base 16) to base 13.
-146
Convert 33101 (base 5) to base 11.
178a
-40345 (base 6) to base 3
-21022002
Convert -23392 (base 12) to base 4.
-23201132
3113 (base 9) to base 6
14320
Convert 54401 (base 7) to base 5.
413244
1d3c (base 14) to base 5
132341
e7e (base 15) to base 8
6305
Convert -1374b (base 12) to base 14.
-9b99
Convert 5155 (base 9) to base 11.
2923
Convert 21312311 (base 4) to base 9.
61338
Convert -2532 (base 7) to base 14.
-4c2
Convert 479 (base 12) to base 16.
29d
b93 (base 15) to base 11
1a66
Convert -c8a (base 15) to base 14.
-1062
What is -1090 (base 13) in base 6?
-14414
Convert -1282 (base 16) to base 3.
-20111111
-1210220 (base 3) to base 6
-10040
Convert 100110 (base 2) to base 13.
2c
Convert 32 (base 13) to base 9.
45
1032 (base 11) to base 8
2526
What is 5106 (base 7) in base 4?
123222
-16558 (base 10) to base 15
-4d8d
What is 111201210 (base 3) in base 14?
3911
Convert -1003424 (base 5) to base 10.
-16114
-105525 (base 6) to base 3
-110102022
Convert 36e (base 15) to base 8.
1413
What is -828 (base 10) in base 7?
-2262
Convert -279 (base 16) to base 9.
-773
Convert -11025 (base 10) to base 2.
-10101100010001
-8033 (base 10) to base 4
-1331201
Convert a3 (base 13) to base 5.
1013
What is -5043 (base 9) in base 7?
-13512
273 (base 9) to base 14
124
-7071 (base 9) to base 6
-35531
Convert 1388 (base 12) to base 10.
2264
Convert -3859 (base 11) to base 2.
-1001110100001
-3716 (base 9) to base 12
-1729
What is 1544 (base 7) in base 5?
4440
What is 1110110011000 (base 2) in base 5?
220301
Convert -175d (base 15) to base 3.
-20220121
124858 (base 9) to base 2
10010100000001100
b219 (base 12) to base 5
1104232
What is -101111022 (base 3) in base 12?
-4515
What is 22520 (base 7) in base 14?
2147
What is 11616 (base 7) in base 14?
117d
What is 393 (base 16) in base 3?
1020220
What is -807 (base 14) in base 10?
-1575
1575 (base 10) to base 5
22300
What is -4004 (base 5) in base 16?
-1f8
Convert -10111011011000 (base 2) to base 6.
-131304
9a4 (base 11) to base 12
843
4da (base 14) to base 2
1111010000
Convert -b9ba (base 12) to base 15.
-60d1
What is 737 (base 10) in base 8?
1341
Convert -122330 (base 6) to base 3.
-112222200
-312102 (base 6) to base 10
-25094
14341 (base 5) to base 13
72c
2486 (base 11) to base 3
11110000
12221332 (base 4) to base 11
19534
What is -715 (base 9) in base 10?
-581
Convert -121 (base 10) to base 9.
-144
Convert -110001111 (base 2) to base 11.
-333
What is -50d1 (base 15) in base 8?
-41257
Convert 205 (base 10) to base 13.
12a
Convert -12788 (base 10) to base 6.
-135112
Convert 2d6 (base 15) to base 12.
463
-3663 (base 9) to base 7
-10650
-608 (base 14) to base 5
-14214
What is -110000010111000 (base 2) in base 11?
-1766a
2010 (base 4) to base 12
b0
Convert 9967 (base 11) to base 9.
20021
Convert 1503 (base 6) to base 8.
617
What is 2a077 (base 11) in base 10?
42676
-640 (base 13) to base 14
-562
What is -1911 (base 12) in base 5?
-44122
What is -144104 (base 5) in base 8?
-14012
2cc2 (base 13) to base 3
100000201
What is -1101001001 (base 2) in base 6?
-3521
Convert aa (base 16) to base 10.
170
Convert -2a6 (base 16) to base 8.
-1246
What is 22021120 (base 3) in base 16?
1794
Convert 19721 (base 10) to base 14.
7289
162e (base 16) to base 10
5678
793 (base 10) to base 5
11133
-1d01 (base 15) to base 14
-2421
What is -451 (base 8) in base 16?
-129
What is 3241 (base 5) in base 13?
284
Convert -1626 (base 8) to base 15.
-413
What is 71 (base 11) in base 7?
141
Convert 2000 (base 3) to base 8.
66
What is -671 (base 8) in base 16?
-1b9
What is 55242 (base 6) in base 11?
5832
What is -554 (base 14) in base 8?
-2036
What is -11301202 (base 4) in base 14?
-8894
10fa (base 16) to base 12
2622
What is 144 (base 14) in base 3?
100111
What is -35a45 (base 11) in base 4?
-30221331
What is -2556 (base 11) in base 8?
-6400
What is ecb (base 15) in base 8?
6415
-11441 (base 8) to base 6
-34401
11069 (base 11) to base 12
9353
What is -1724 (base 8) in base 6?
-4312
Convert 1e22 (base 16) to base 9.
11521
What is -5850 (base 16) in base 11?
-15a93
What is -100110001100 (base 2) in base 11?
-1922
What is 753 (base 9) in base 12?
433
Convert 24256 (base 8) to base 11.
7908
What is -1acf (base 16) in base 6?
-51435
43132 (base 5) to base 16
b65
Convert 53347 (base 8) to base 9.
33458
-337 (base 9) to base 12
-1b1
Convert -803 (base 13) to base 7.
-3644
Convert -3052 (base 6) to base 2.
-1010101000
What is -128 (base 13) in base 11?
-175
What is -2530 (base 7) in base 2?
-1110111000
8b9 (base 15) to base 13
b8b
Convert 1047 (base 14) to base 5.
42212
Convert -45 (base 9) to base 5.
-131
-358b (base 15) to base 14
-420d
8ea (base 15) to base 12
1204
What is -3141 (base 5) in base 6?
-1541
-be9 (base 16) to base 5
-44144
1641 (base 11) to base 16
836
What is 21220212 (base 3) in base 11?
437a
Convert 88 (base 13) to base 3.
11011
-33114 (base 5) to base 16
-8ec
What is 100111010110100 (base 2) in base 13?
922b
What is -52115 (base 7) in base 14?
-490c
Convert -11230 (base 4) to base 15.
-194
What is -4334304 (base 5) in base 8?
-221131
Convert -62527 (base 8) to base 6.
-320035
3661 (base 10) to base 7
13450
Convert 10300 (base 5) to base 8.
1274
-34510 (base 6) to base 10
-4938
43056 (base 8) to base 16
462e
Convert -7222 (base 8) to base 4.
-322102
Convert -1145 (base 9) to base 3.
-1011112
Convert -10011100001 (base 2) to base 5.
-14444
What is 2221400 (base 5) in base 15?
b835
Convert -670 (base 14) to base 2.
-10011111010
1491b (base 12) to base 11
1a844
What is -21133 (base 5) in base 2?
-10110001010
What is 6071 (base 10) in base 14?
22d9
-3312144 (base 5) to base 10
-57174
What is 38b1 (base 16) in base 7?
60212
1032 (base 6) to base 3
22202
Convert 12635 (base 10) to base 6.
134255
4e7 (base 15) to base 7
3154
What is -437 (base 11) in base 2?
-1000001100
-1222 (base 9) to base 16
-38f
Convert -75d (base 15) to base 9.
-2247
Convert 531 (base 7) to base 3.
100220
Convert -5546 (base 7) to base 6.
-13122
1101212 (base 3) to base 6
4422
Convert 7f9 (base 16) to base 10.
2041
Convert -19aa6 (base 11) to base 3.
-1102100001
14a0 (base 14) to base 12
2158
-31313 (base 4) to base 14
-475
Convert 13222 (base 6) to base 2.
11111101110
Convert b17 (base 15) to base 2.
100111000001
-2b66 (base 14) to base 8
-17066
-332300 (base 4) to base 12
-23a8
Convert 1864 (base 13) to base 12.
2127
Convert -14001 (base 6) to base 12.
-1301
What is -13414 (base 9) in base 4?
-2031331
What is -36417 (base 12) in base 13?
-273c7
Convert 23a4 (base 13) to base 4.
1032223
What is -10100001010101 (base 2) in base 4?
-2201111
Convert 121110220 (base 3) to base 7.
50010
What is 20130 (base 5) in base 16?
50a
Convert -337 (base 9) to base 16.
-115
-741 (base 8) to base 12
-341
11203 (base 4) to base 6
1351
What is -212b (base 12) in base 11?
-2805
-1011100100100 (base 2) to base 15
-1b4e
What is 23456 (base 8) in base 9?
14674
Convert 11041 (base 10) to base 11.
8328
What is -132540 (base 8) in base 13?
-18199
8582 (base 10) to base 4
2012012
What is -553 (base 12) in base 7?
-2166
-20326 (base 7) to base 4
-1031221
-16044 (base 8) to base 6
-53204
What is 41e0 (base 16) in base 15?
4ee4
Convert -2055 (base 6) to base 5.
-3332
12008 (base 9) to base 7
32